552 and 504.
24
What is the highest common divisor of 1896 and 408?
24
What is the greatest common factor of 159004 and 13208?
508
What is the greatest common factor of 45810 and 1170?
90
What is the highest common factor of 336 and 2288688?
48
Calculate the greatest common divisor of 2890850 and 95.
95
Calculate the greatest common divisor of 1028342 and 168.
14
What is the highest common divisor of 4865 and 2975?
35
What is the greatest common factor of 3818 and 229578?
166
What is the highest common factor of 1774825 and 215?
215
What is the greatest common divisor of 668725 and 184?
23
Calculate the greatest common divisor of 19487 and 3497.
13
What is the greatest common divisor of 6768460 and 20?
20
What is the highest common divisor of 11940 and 160?
20
Calculate the highest common factor of 343723 and 153.
17
Calculate the greatest common divisor of 376544 and 32.
32
Calculate the greatest common factor of 330521 and 37.
37
Calculate the highest common divisor of 1037 and 14386301.
1037
What is the greatest common factor of 160 and 20720?
80
Calculate the greatest common factor of 36108 and 45.
9
What is the greatest common factor of 76691 and 53?
53
Calculate the greatest common factor of 2562 and 26922.
42
What is the highest common factor of 79600 and 33200?
400
Calculate the greatest common factor of 45 and 18621.
9
What is the highest common factor of 604974 and 150?
6
What is the greatest common factor of 2755 and 145?
145
What is the highest common divisor of 22821 and 141?
3
Calculate the highest common factor of 36843 and 3.
3
What is the highest common factor of 2966 and 4489041?
1483
What is the greatest common divisor of 61 and 191?
1
Calculate the highest common divisor of 6016 and 40448.
128
Calculate the highest common divisor of 400097 and 689.
53
Calculate the greatest common divisor of 404 and 262802.
202
What is the greatest common factor of 1323 and 931?
49
What is the greatest common divisor of 87 and 1392?
87
What is the greatest common factor of 468104 and 42?
14
Calculate the highest common divisor of 121872 and 48.
48
Calculate the highest common factor of 7585641 and 103.
103
Calculate the greatest common divisor of 5643 and 16416.
513
What is the highest common factor of 510 and 156570?
510
Calculate the highest common factor of 157290 and 14.
14
Calculate the greatest common factor of 19 and 45353.
19
Calculate the greatest common divisor of 47 and 68.
1
Calculate the highest common factor of 30632 and 322.
14
Calculate the highest common divisor of 3014882 and 741.
247
What is the greatest common divisor of 101661 and 16779?
987
What is the greatest common factor of 2160 and 16710?
30
What is the greatest common factor of 1207644 and 2826?
942
Calculate the greatest common divisor of 75718 and 5202.
578
What is the greatest common factor of 8901 and 1692?
9
Calculate the greatest common factor of 23288 and 200.
8
Calculate the greatest common divisor of 527 and 4811.
17
Calculate the highest common factor of 97620 and 24.
12
Calculate the highest common divisor of 3228 and 486.
6
Calculate the greatest common factor of 408 and 20264.
136
Calculate the highest common divisor of 3604 and 630064.
212
Calculate the greatest common divisor of 221 and 8858343.
221
Calculate the greatest common divisor of 6056 and 76.
4
What is the highest common factor of 47180 and 355535?
1685
What is the greatest common divisor of 100172 and 951?
317
Calculate the greatest common factor of 6 and 261094.
2
What is the greatest common divisor of 70185 and 795?
15
Calculate the greatest common divisor of 338895 and 10710.
765
What is the highest common factor of 1 and 1539?
1
What is the greatest common divisor of 119048 and 184?
184
What is the greatest common factor of 63806 and 2318?
122
What is the greatest common divisor of 3586 and 16463?
163
What is the highest common factor of 162811 and 341?
11
What is the highest common factor of 370 and 741480?
370
Calculate the greatest common factor of 6806 and 4838.
82
Calculate the highest common divisor of 672 and 1071552.
96
Calculate the greatest common divisor of 984 and 36572.
164
What is the highest common divisor of 2020 and 30040?
20
What is the greatest common factor of 1788339 and 42?
21
What is the greatest common divisor of 2550 and 43800?
150
What is the greatest common factor of 4914 and 153270?
234
Calculate the highest common divisor of 96 and 661488.
48
What is the highest common divisor of 97 and 1161381?
97
Calculate the greatest common divisor of 1146 and 30178.
382
What is the greatest common factor of 7384 and 1144?
104
What is the greatest common divisor of 53929 and 3252?
271
What is the highest common divisor of 16436 and 2?
2
What is the greatest common divisor of 14003 and 77748?
209
What is the highest common factor of 2325 and 124?
31
Calculate the greatest common divisor of 377973 and 54.
27
Calculate the greatest common factor of 13 and 76388.
13
What is the greatest common factor of 52 and 14612?
52
Calculate the greatest common divisor of 6080475 and 19.
19
What is the highest common factor of 18836 and 68?
68
Calculate the highest common divisor of 33387 and 93.
93
Calculate the highest common divisor of 20952 and 28324.
388
What is the highest common divisor of 63318 and 366?
366
Calculate the greatest common factor of 196 and 6615.
49
Calculate the highest common factor of 217426 and 55.
11
Calculate the greatest common divisor of 85869 and 1701.
63
Calculate the highest common factor of 4 and 996554.
2
Calculate the greatest common divisor of 171 and 55179.
9
What is the greatest common divisor of 2300 and 45425?
575
Calculate the highest common factor of 722 and 40071.
361
What is the greatest common divisor of 21 and 468734?
7
What is the highest common factor of 377 and 67744?
29
What is the greatest common divisor of 2332717 and 131?
131
Calculate the highest common divisor of 2574 and 3762.
198
What is the greatest common factor of 16367845 and 2015?
2015
What is the greatest common factor of 2483 and 1664?
13
Calculate the highest common divisor of 106448 and 8.
8
Calculate the highest common factor of 61660 and 5.
5
What is the highest common factor of 2443 and 301?
7
Calculate the highest common factor of 4224 and 3762.
66
Calculate the greatest common divisor of 261 and 131747.
29
What is the greatest common factor of 26010 and 10380?
30
What is the highest common divisor of 28 and 50582?
14
What is the highest common divisor of 63 and 1413?
9
What is the highest common divisor of 377 and 455?
13
Calculate the greatest common divisor of 1700 and 204.
68
Calculate the greatest common divisor of 26250 and 168.
42
Calculate the greatest common factor of 8341 and 114.
19
Calculate the highest common divisor of 1456577 and 47.
47
What is the greatest common factor of 8792 and 15736?
56
Calculate the greatest common factor of 40 and 72700.
20
Calculate the greatest common factor of 424 and 4611.
53
Calculate the highest common divisor of 906894 and 18.
18
Calculate the highest common divisor of 4927 and 299.
13
Calculate the highest common divisor of 3 and 3261.
3
What is the greatest common divisor of 1424 and 44?
4
Calculate the greatest common divisor of 99018 and 18.
18
What is the greatest common factor of 27430 and 3120?
130
Calculate the greatest common divisor of 430020 and 27.
9
What is the greatest common divisor of 4702 and 4?
2
What is the greatest common factor of 48929 and 113?
113
What is the greatest common divisor of 233849 and 77?
77
What is the greatest common factor of 131004 and 18?
18
What is the highest common factor of 564620 and 518?
518
What is the greatest common factor of 15 and 10055?
5
What is the greatest common divisor of 22021 and 61731?
361
Calculate the highest common factor of 111692 and 12.
4
What is the highest common divisor of 10 and 51778?
2
What is the highest common divisor of 102 and 34?
34
Calculate the greatest common factor of 10944 and 38.
38
Calculate the highest common divisor of 99218 and 532.
266
What is the greatest common factor of 87 and 53041?
29
What is the greatest common factor of 1800 and 360900?
900
Calculate the greatest common factor of 544 and 124600.
8
What is the highest co